e tens digit of b(x)?
2
Let i(d) = 2925*d + 712. What is the tens digit of i(8)?
1
Suppose -q + 36 = 5*v, 3*q + 4 = 4*q - 3*v. What is the units digit of 1 - 2*(-2456)/q?
8
Let u = 24876 + 2552. What is the units digit of u?
8
Suppose -3*j = 3*w + 24, 2 = w + 3*j + 4. Let k(h) = -10*h + 7. What is the units digit of k(w)?
7
Let q(a) = a**2 - 8*a - 11. Let k be q(10). What is the tens digit of -7 - -6 - 20*(2 - k)?
3
Suppose -n + o - 2384 + 6522 = -9357, 0 = 2*o. What is the hundreds digit of n?
4
Suppose 0 = 2*y + 3*v - 225, 4*y - 4*v - 449 = -49. Suppose -5*p = y + 25. What is the tens digit of (4 + (-13)/2)*p?
6
Let l(h) be the second derivative of -h**5/20 - 5*h**4/12 + 7*h**3/6 + 3*h**2/2 + 21*h. Let c be l(-6). What is the tens digit of (-1 - c) + (4 - -83)?
8
Suppose 17*d + 3*k = 15*d + 1554, -5*d + 3871 = 4*k. Let p = d - 255. What is the units digit of p?
6
Suppose 3*x + 6 = 3. Let k be x - (-2 + 0 - 4). Suppose -4*b + 0*b = 5*p - 813, p = k. What is the units digit of b?
7
Let p be (1/(-3))/((-15)/(-360)). Let v(g) = g. Let m(s) = -s - 1. Let b(n) = 3*m(n) - 6*v(n). What is the tens digit of b(p)?
6
What is the hundreds digit of -1 + 42027 + (-55 - -57)?
0
Let y(a) = 178*a + 183. Let r be y(4). Suppose 180*h = 181*h - r. What is the units digit of h?
5
Suppose 5*j - 9*j - a = -85, 3*j = 4*a + 78. What is the tens digit of (-3993)/j*(4 + -6)?
6
Suppose 0 = -3*o - 5*z - 1325 + 337, 324 = -o + z. Let y be o/22 + 16/(-88). What is the tens digit of 3/y + 966/30?
3
Let p be -3*(3 - 1143/27). Let o(s) = -s**3 - 6*s**2 - 4*s + 4. Let v be o(-5). What is the hundreds digit of (v - -5) + p + 4?
1
Let k = 669 - 639. Suppose 16*z = k*z - 7798. What is the units digit of z?
7
Let r = -31 - -28. Let g be r*-2*(-20)/(-24). Suppose -27 = -u - g*w, 4*w - 42 = -3*u + u. What is the tens digit of u?
1
Let o = 3330 + 2029. What is the tens digit of o?
5
Let x = -28 - -30. Let c be (6 - 5)*(-41 - x). Let q = -37 - c. What is the units digit of q?
6
Let j be ((-21)/6 - -4)/((-3)/(-18)). Let s = j - -4. Suppose s*q - 34 = 757. What is the tens digit of q?
1
Suppose -7*k = -4*k + 33. Let y(q) = q**2 + 9*q - 15. Let p be y(k). What is the units digit of ((-460)/p + 2/(-7))/(-1)?
6
Let g(h) = 4945*h**3 + 4*h**2 - 2*h - 2. Let w be g(1). Suppose 3*n = 4 - 10, 5*n = -5*f + w. What is the hundreds digit of f?
9
Let k = 42508 + -6732. What is the tens digit of k?
7
Let v be (-23)/(-4) + 16/64. Suppose v*q - 6485 = q. Suppose 7*h = 488 + q. What is the units digit of h?
5
Suppose -9*f - 7 - 2 = 0. Let y(g) = -546*g**3 + g. What is the units digit of y(f)?
5
Let p be 1/(-4)*-10*(1 + 1). Suppose 26 = 4*g - 2*t + t, -5*g = -p*t - 40. What is the tens digit of g/72*-3 + (-261)/(-4)?
6
Let i be (-521)/5 + (-8)/(-40). Let k = i + 315. What is the tens digit of k?
1
Let m = -2898 + 6300. What is the thousands digit of m?
3
Suppose -3*x = -0*x + 9. Let i be (-14)/(-21)*(x + -3). What is the tens digit of (-2 - -1)/(i/136)?
3
Let u(d) = -d**2 - d - 2. Suppose 11*h - 9*h = 0. Let y be u(h). What is the tens digit of 3/(y + 190/92)?
4
Suppose -5*p = 5*v - 129345, -190*p - 5*v = -194*p + 103458. What is the ten thousands digit of p?
2
What is the ten thousands digit of (((-6)/5)/((-96)/120))/(6/263216)?
6
Let g = -50272 + 80249. What is the ten thousands digit of g?
2
Let a be 1/2*(82 + 8). Let t = a - 21. What is the units digit of 10/3*t/10?
8
Let x(r) = -14*r + 46. Let u be x(4). Let p be (u/(-6))/(2/30). What is the hundreds digit of 15/p + 1506/15 + 2?
1
Suppose -247985 = -144*z + 742591. What is the units digit of z?
9
Let t(d) = -364*d**3 + 5*d**2 + 6*d - 8. What is the hundreds digit of t(-3)?
8
What is the thousands digit of (-201)/(-4)*23/(1104/33920)?
5
Let n = 44 - 40. Suppose 13640 = n*k - 152. What is the tens digit of k/20 + ((-9)/15)/(-1)?
7
Let p = -16 - -14. Let r(t) = 1957*t - 6. Let g be r(p). What is the units digit of (((-3)/(-2))/(-1))/(60/g)?
8
Suppose 2*c - 2665 = 5*p - 170, 2*c + 5*p = 2465. Let k = 509 + c. What is the tens digit of k?
4
Let p(h) = -h**3 + 6*h**2 - 4*h - 2. Let q = -40 - -45. Let l(g) = g**2 - g - 1. Let s(v) = q*l(v) - p(v). What is the units digit of s(5)?
2
Suppose -6895 = -5*x - 5*b, 2*b + 15 - 9 = 0. What is the tens digit of x?
8
Let i(n) = 3*n**2 + 6*n - 40. Let p be (-5 - (-94)/18) + 212/18. Let x be i(p). Suppose -206 = -5*b + x. What is the units digit of b?
4
Let k(v) = 4391*v**3 + 2*v**2 - 4*v + 4. What is the thousands digit of k(1)?
4
Suppose -4*y - 13 = -4*h + 11, -18 = -4*h - 2*y. Suppose 0 = 12*u - h*u - 9401. What is the thousands digit of u?
1
Let r = 10600 + -5329. What is the hundreds digit of r?
2
Let k(z) = -z**3 - 24*z**2 + 18*z + 28. Let t(r) = -8*r - 2. Let p be t(-7). Let o = 29 - p. What is the units digit of k(o)?
3
Suppose -f + 3*r = 3, 27 = 4*f - 6*r + 7*r. What is the units digit of f*1*15/((-225)/(-2030))?
2
Suppose 50855 + 148384 + 158305 = 17*g. What is the thousands digit of g?
1
Suppose -5*q + 0*q - 90 = 0. Let s = 44 + -141. Let h = q - s. What is the units digit of h?
9
Suppose 2*y - 19 = -l, 13*l - 14 = 12*l - y. Let h be (-6)/27 + 29/l. Suppose -h*o = -5*j - 384, 2*o - 2*j - 3*j - 256 = 0. What is the units digit of o?
8
Let d(p) = 38*p**2 + 157*p + 1911. What is the hundreds digit of d(-12)?
4
Let u be ((-86)/1)/(-1 + -1). Let r = u + -39. Suppose r*m - 273 + 41 = 0. What is the tens digit of m?
5
Let n(p) = 5061*p**3 + p**2 - 39*p + 39. What is the hundreds digit of n(1)?
0
What is the ten thousands digit of (2 + 5520)/((-16)/(-32))?
1
Suppose -3*f + 6577 + 5078 = -8733. What is the thousands digit of f?
6
Let k(u) = -u**3 - 6*u**2 - 6*u - 3. Let y be k(-5). Let n = -809 - -806. What is the tens digit of (y/(-6))/(n/2151)?
3
Let n(m) = m**2 - 32*m - 100. What is the tens digit of n(-10)?
2
Let l(j) = 29*j - 19. Let w(o) = 57*o - 37. Let f(m) = 5*l(m) - 2*w(m). Let n = -415 - -420. What is the tens digit of f(n)?
3
Suppose 36*i - 2113 = -529. Suppose 15560 = i*q - 34*q. What is the thousands digit of q?
1
Suppose 0 = 27*k - 25*k + 226. Let o = 119 + k. Suppose 19*z - 1079 = o*z. What is the tens digit of z?
8
What is the thousands digit of -1 - 1/(-5) - (-19)/((-190)/(-413828))?
1
Suppose 116*u + 6780 = 121*u + 5*w, 3*u = 4*w + 4082. What is the hundreds digit of u?
3
Let u = -40 - -94. Suppose -5*l + 0 = 5. Let y = u - l. What is the tens digit of y?
5
Suppose -25*k + 28*k = 5*h - 218194, 87258 = 2*h - 4*k. What is the ten thousands digit of h?
4
Let t(r) = r**3 + 50*r**2 + 88*r - 21. What is the thousands digit of t(-38)?
3
Let w(g) = g**2 + 6*g + 6. Let j be w(-9). Let h(c) = 13*c + 130. What is the units digit of h(j)?
9
Let z(x) = x + 5. Let p be z(10). Let w = -145 - -142. Let s = p - w. What is the tens digit of s?
1
Suppose -5*p + 39 = -6*p. Let u = p + 34. What is the tens digit of (-1)/3*-1*(287 + u)?
9
Let v(a) = 379*a - 1084. What is the tens digit of v(3)?
5
Suppose -120 = 45*r - 51*r. Suppose -7*p = -11*p + r. Suppose -l - 2 = 0, -3*b - b = -p*l - 718. What is the hundreds digit of b?
1
Let m = 38 - 27. Let k be ((-1500)/135)/((-18)/81). Let h = k + m. What is the tens digit of h?
6
Suppose 51*s - 31*s - 220 = 0. Suppose s*n + 4*c = 7*n + 5968, -3*c = 2*n - 2982. What is the hundreds digit of n?
4
Let f = 13823 - 744. What is the thousands digit of f?
3
Suppose -h - 28625 = -4*v, v + 5*h - 2291 = 4860. What is the units digit of v?
6
Let a(p) = -351*p**3 - 4*p**2 + 31*p + 5. What is the tens digit of a(-5)?
2
Suppose 2*l - 127 = 3*t, -21*l - t = -23*l + 121. Let u be 1 - 17 - (-3 + 2). Let s = l + u. What is the units digit of s?
4
Let y(b) be the third derivative of -49*b**6/24 - b**5/20 - b**4/24 + b**3/6 - 3*b**2 + 3. What is the tens digit of y(-1)?
4
Let q = 9 - -28. Suppose -q = -j + 14. Suppose j = 4*c - 685. What is the tens digit of c?
8
What is the units digit of (-7)/((-91)/39) + 11486?
9
What is the hundreds digit of ((-2)/4)/(48/13577856*-4)?
3
Let w(o) = -o + 2. Let r be w(0). Suppose r*m - s - s + 22 = 0, 3*m + 29 = -s. What is the units digit of (-4)/m + 2765/25?
1
Let t(p) = -3*p**2 + 27*p - 11. Let u be t(11). Let c = -24 - u. Let o = c + 25. What is the tens digit of o?
7
Let y be (-18)/((-15)/6 - -1). Let q be (0 - 1)*(y + -9). What is the units digit o